)/10)/(k/(-10)). Determine j(t).
6
Let g(j) = j**2 + j + 2. Let w(y) = -y**3 - 22*y**2 + 47*y - 26. Suppose -15*n + 147 = -12*n. Let s = -73 + n. Let r be w(s). Determine g(r).
4
Let t(w) = w**3 + 7*w**2 + 2. Let d be t(-7). Suppose -4*l - 20 = 0, 4*n - d*l - 16 = 3*n. Suppose 4*a - n*a + 6 = 0. Let s(m) = 2*m + 1. What is s(a)?
7
Let o(g) be the first derivative of -2*g**3/3 + g**2/2 + 2*g + 19. Let y(t) = -t**2 + 1. Let n(m) = -2*o(m) + 6*y(m). Let h be 1/(1/(-3) - 0). Give n(h).
-10
Let k = -5 + 8. Suppose 0 = -5*j + 10 - 0. Let f(c) = j*c - 13 + 26 - 13. Determine f(k).
6
Let x(d) = 0 + 5*d**2 + 6*d + d**3 + 2 + 7*d - d**2 - 5*d. What is x(-3)?
-13
Let n(i) = -29*i - 7. Let m be (-14)/10 - (-465)/(-775). Calculate n(m).
51
Let u(z) = -2*z + 2. Let w be (-13 + 4)/(3/6*-2). Suppose -k - w = -0*k. Let y(l) = -2*l**2 - 16*l + 15. Let p be y(k). Calculate u(p).
8
Suppose -3*u = -6*z + 3*z - 21, z = 2*u - 11. Let o(c) = u*c + 17*c**2 + 4 + 13*c**2 - 29*c**2. Suppose 11*m + 12 = 7*m. Determine o(m).
1
Let l(v) = v + 5. Let y(q) = q**3 + 29*q**2 + 26*q + 12. Let k be y(-28). Suppose 6*c - 14 = -k. Calculate l(c).
-4
Let f(n) = -14*n**2 - n + 17. Let b(k) = 17*k**2 + 5*k - 18. Let i(u) = 4*b(u) + 5*f(u). Let m be 6*-2*4/(-6). What is i(m)?
5
Let f be ((-2)/8)/(4 + (-66)/16). Suppose -f*s + 5*s + 51 = 3*g, 48 = 3*g - 4*s. Let n(w) = -g - w + 44 + 2*w - 25. What is n(0)?
-1
Let z(v) = -v**3 + 4*v**2 + 8*v + 11. Let g = -10176 + 10182. What is z(g)?
-13
Let t(s) = 4*s - 2*s**2 - 6*s + 18 + s**2. Let r = 160773 + -160773. What is t(r)?
18
Let w(z) be the first derivative of z + 11*z**2 + 2*z - 13*z**2 - 140. Give w(-2).
11
Let n(d) be the second derivative of d**4/2 - d**2/2 - 23*d. Let w = 45 - -2. Let g = 48 - w. What is n(g)?
5
Suppose -4 = -4*n + 3*h, 2*h = -5*n + h + 24. Let c(m) be the third derivative of 0 - 1/2*m**3 + 0*m + 1/24*m**4 + 13*m**2. Give c(n).
1
Let m(l) = 2*l + 2. Let q be ((-451)/(-44) - 7)/((-2)/(-8)). Let z(h) = -19*h + 245. Let a be z(q). Give m(a).
-2
Let t be (-25)/(-15)*-2*12/5. Let h be (1 - 0) + 2 + t. Let d(q) = q + 11. Determine d(h).
6
Let j = 250 - 118. Suppose 3*i = -135 + j. Let z(l) = 10*l**2 - 2*l - 1. Calculate z(i).
11
Let n(r) = 5*r**2 - 2*r + 6. Suppose -2*j - 2*o = 0, -5*o = -12*j + 9*j - 32. Let l(p) = -6*p**2 + 3*p - 6. Let b(t) = j*l(t) - 5*n(t). What is b(-4)?
-14
Let z(t) be the second derivative of -t**4/12 - 37*t**3/6 - 215*t**2/2 - 133*t + 1. Let s be z(-29). Let h(b) = -b**2 + 19*b - 23. Calculate h(s).
11
Let m be 240/72*21/(-14). Let t(u) be the second derivative of -2*u + 5/2*u**2 - 1/6*u**3 + 0. Determine t(m).
10
Let o be (-5)/10*((-2 - -7) + -15). Suppose 0 = -4*b - 4, o*v + 7*b - 2*b = -35. Let x(i) = i**3 + 6*i**2 + 2*i + 8. Calculate x(v).
-4
Let q(u) = 28*u - 8. Let d be q(-2). Let o = -62 - d. Let s(p) = -4 - p + p**o - 6 + 4 + 0*p. Calculate s(0).
-6
Let t(o) = 47*o + 134. Let g be (-2)/((-17)/((-357)/14)). What is t(g)?
-7
Let g(w) = -17*w - 144. Suppose 5*k = 12*f - 8*f - 17, -5*k + f - 38 = 0. Give g(k).
9
Let u(l) = -11*l**2 - 19*l - 46. Let m(f) = 5*f**2 + 10*f + 22. Let p(k) = 13*m(k) + 6*u(k). Let c be p(17). Let g(y) = y**2 + 6*y - 10. Determine g(c).
-3
Let m(u) = -u**3 + 20*u**2 - 19*u + 13. Let f be m(19). Let v(p) = -4*p + 6 + 17 + 1 - f. What is v(6)?
-13
Let d(u) = 21 - 18 - 18 + 662206*u - 21 - 662192*u. What is d(2)?
-8
Let q(u) = -85*u - 57*u - 3 + 65 + 190*u - 57*u. Determine q(4).
26
Let r = -115 + 113. Let f(k) = -k - 1. Let c(h) = -3*h - 2. Let u(x) = r*c(x) + 5*f(x). Determine u(5).
4
Let v(z) = 14*z**3 + 21*z**2 - 38*z - 39. Let x(g) = 47*g**3 + 62*g**2 - 113*g - 116. Let a(y) = -10*v(y) + 3*x(y). Calculate a(22).
-24
Let k(h) = -h**3 - 6*h**2 + 9*h - 2. Let s be (12 + 1168/10)/(2/5). Suppose -65*i + 19*i - s = 0. Calculate k(i).
-16
Let s = 1232 + -1234. Let d(m) = 1 + 4*m**2 + 1 + m**2 - 4*m**2 - m. Give d(s).
8
Let z(v) = -v**3 + 10*v**2 + 12*v - 8. Let q be z(11). Suppose a = -q*a + 104. Let f = -19 + a. Let u(o) = -o + 10. Give u(f).
3
Let i(x) = x**2 - 3*x - 1. Let g(n) = n + 2. Let t be g(3). Let j be ((-4)/((-8)/2)*-2)/(-1). Suppose j*v + 2*p = 5*v - 17, -3*v + t*p = -29. Calculate i(v).
-1
Let c(o) = -20*o + 51. Let v(k) = -11*k + 26. Let f(h) = 4*c(h) - 7*v(h). What is f(13)?
-17
Let u(t) = -4*t**2. Let p(r) = 21*r**2 + 6*r + 2. Let m(l) = -p(l) - 5*u(l). Let k(s) = 2*s - 4. Let h be k(0). Determine m(h).
6
Let y = 52 - 21. Let t(h) = 29*h + y*h + 26*h - 87*h. Calculate t(3).
-3
Let y(h) be the second derivative of -8*h + 0*h**4 - 11/10*h**5 + 0*h**3 + 0*h**2 + 9. Calculate y(1).
-22
Let w(i) = 2*i**2 + 33*i + 21. Let s be w(-16). Suppose -5*f = -0*f + 3*z - 1, -2*f + 19 = -s*z. Let x(q) = -q - f*q + 4 - 1. What is x(4)?
-9
Let z(g) = -2*g - 11*g - 3 + 6*g + 5*g. Let i be 12/((-20)/150*-10). Calculate z(i).
-21
Suppose 4*s - 204 = -2*k, 3*s + 76 = 4*k - 310. Suppose -27*v - k = -13*v. Let y(u) = -u. Let n(r) = -r**3 - 6*r**2 + 6*r. Let c(j) = n(j) - y(j). Give c(v).
0
Let x(k) = -300*k + 296. Let l be x(1). Let w(s) = -s**3 - 4*s**2 - 3*s + 4. What is w(l)?
16
Let d(n) = 2*n + 15. Let w be d(-6). Let z(o) = -32*o + 3*o**3 + w - o**2 - 36*o - 2*o**3 + 69*o. Calculate z(0).
3
Let m(k) = -k**2 + k - 1. Suppose -13 = 4*y + u, -4*y + 3*u - 172 + 147 = 0. Let d(t) = -2*t**2 + 7*t**2 - 2*t + 4*t. Let a(v) = y*m(v) - d(v). Calculate a(-3).
13
Let i be (-5)/15 - 15/9. Let m(o) = -5*o**2 - 5*o - 7. Determine m(i).
-17
Let r(t) = -19*t - 44. Let x(h) = -5*h**2 + 351*h + 281. Let w be x(71). What is r(w)?
13
Let i(l) = -l**2 - l + 1. Let z(y) = 3*y**2 - 2*y - 6. Let x(m) = -4*i(m) - z(m). Suppose 8 = 4*t - 6*k, 2*t + 5*t - k + 24 = 0. Calculate x(t).
-6
Suppose 5 - 1 = 2*k. Suppose 5*i + 13 = -2*j - k*j, 5*i - 4*j = 3. Let n(v) = 37*v - 30. Let l(w) = -13*w + 11. Let p(c) = 11*l(c) + 4*n(c). Give p(i).
-4
Let p be (-2 + 1)/(2/(-4)). Suppose 5*w - 3*r - 3 = 0, -p = 5*r + 3. Suppose w*v + 8 = 2*v. Let i(d) = d**3 - 5*d**2 + 3. Give i(v).
-13
Let q(c) = -23*c**2 - 37*c + 110. Let n(z) = -50*z**2 - 76*z + 221. Let f(o) = 6*n(o) - 13*q(o). Calculate f(19).
10
Let a(l) be the third derivative of 0*l**4 - 1 - 33*l**2 + 0*l - 1/60*l**5 - 1/3*l**3. Determine a(4).
-18
Suppose -3*o - x = -15 + 2, -11 = 3*o - 5*x. Let h(p) be the third derivative of p**6/120 - p**3/6 + 27*p**2 + 1. Give h(o).
26
Suppose 27*c - 25*c - 6 = 0. Suppose -s = -5*p, -c*p - s + 1 + 7 = 0. Let r(w) = -17*w**2 - w + 1. What is r(p)?
-17
Let u = -16207 + 16203. Let y(j) = -14*j - 38. What is y(u)?
18
Let p be 4 + 2 + -3 - (-1)/(-1). Suppose c - p*b = 174, b + 10 = -4*b. Let u(z) = 0*z**2 + 171*z + z**2 - c*z + 2. What is u(2)?
8
Let f be -1 + -3 + 2/1. Let j(x) = -x**3 + 3*x**2 - x + 1. Let l(g) = 4*g**3 - 8*g**2 + 7*g. Let w(o) = 3*j(o) + l(o). Calculate w(f).
-9
Let j(h) = h**3 + 6*h**2 - 8*h - 6. Let o(q) = -27*q - 74. Let t be o(-10). Let l = 189 - t. Give j(l).
1
Let q(v) = 5*v + 4. Let j be -2 - -6 - (-4)/1. Suppose 2*r - 18 = j*r. Calculate q(r).
-11
Let b(p) = p**3 + 3*p**2 - p + 6. Let r be (-10)/2 + -7 + 5 + (-6)/(-2). Determine b(r).
-6
Let y(v) = -1755 - v**3 + 1755 + 79*v + 2*v**2 - 77*v. Give y(-2).
12
Suppose -3*o = 4*b - 26, 0 = -12*o + 15*o + 2*b - 16. Let x(k) = -5*k**3 + 3*k**2 - 2*k + 1. What is x(o)?
-31
Let v(x) = 50*x**3 + 21*x**2 - 12*x - 16. Let d(p) = -124*p**3 - 42*p**2 + 24*p + 32. Let s(f) = 2*d(f) + 5*v(f). What is s(-11)?
-5
Let u(p) be the first derivative of -p**2 - 31*p - 2536. Calculate u(9).
-49
Let h be 377 + (-48 - 8)/(-8). Let p be h/(-48) + (-14)/(-1). Let z(y) = -y**3 + 5*y**2 + 4*y - 2. Give z(p).
-14
Suppose 4*g - 20 = 4*u, 625*g + 10 = 627*g + 3*u. Let s(i) = -2*i + 4*i - i + 1. Determine s(g).
6
Let b(j) = 3*j + 6 + 7 - 2*j. Suppose 2*s - 4*n = 30, 13*s = 8*s + 5*n + 50. Suppose 0 = -2*h - 3*f - 33, s*f = -h - 76 + 42. What is b(h)?
4
Let w(p) be the first derivative of -p**2/2 + 4*p + 555. Let l = 3 - 1. Let v = -5 + l. Determine w(v).
7
Let g(p) = -p**2 - 4*p + 29. Let r be g(-7). Suppose 0 = 4*k - r, 5*k + 38 = -2*u - 20. Let i = 37 + u. Let y(c) = -c**3 + 4*c**2 - 2*c - 2. Determine y(i).
1
Let v(a) be the third derivative of 1/120*a**6 - 7/24*a**4 + 0*a - 190*a**2 + 0 - 7/6*a**3 - 1/30*a**5. Give v(4).
-3
Let c(o) be the third derivative of o**6/120 - 3